{"id":6116,"date":"2021-04-11T21:12:48","date_gmt":"2021-04-11T19:12:48","guid":{"rendered":"http:\/\/saltopirate.com\/?post_type=movie&#038;p=6116"},"modified":"2021-04-11T21:12:49","modified_gmt":"2021-04-11T19:12:49","slug":"hommage-a-la-zad","status":"publish","type":"movie","link":"https:\/\/alto.watch\/index.php\/movie\/hommage-a-la-zad\/","title":{"rendered":"Hommage \u00e0 la ZAD"},"content":{"rendered":"\n<p><em>&#8220;Ce petit film de 17 minutes n\u2019est semble-t-il pas un Godard. Il y est question de ce qui se passe sur la ZAD, entre ambiance de guerre, joie des projets collectifs, land art, lieu de vie et vaches en gros plan. Tout cela est r\u00e9alis\u00e9 avec finesse et une dr\u00f4lerie que l\u2019on rencontre trop rarement dans ce genre de production.&#8221;<\/em> via <a href=\"https:\/\/www.youtube.com\/watch?v=Bj0Us3rgrxI\">lundimatin<\/a>.<\/p>\n","protected":false},"excerpt":{"rendered":"<p>&#8220;Ce petit film de 17 minutes n\u2019est semble-t-il pas un Godard. Il y est question de ce qui se passe<\/p>\n","protected":false},"author":1,"featured_media":6117,"comment_status":"closed","ping_status":"closed","template":"","meta":[],"movie_genre":[211,112],"movie_tag":[91,224,117,221],"movie_realisation":[],"class_list":["post-6116","movie","type-movie","status-publish","has-post-thumbnail","hentry","movie_genre-court-metrage","movie_genre-documentaire","movie_tag-anarchisme","movie_tag-autonomies","movie_tag-ecologies","movie_tag-zad"],"yoast_head":"<!-- This site is optimized with the Yoast SEO plugin v15.9.2 - https:\/\/yoast.com\/wordpress\/plugins\/seo\/ -->\n<title>Hommage \u00e0 la ZAD - Alto.watch<\/title>\n<link rel=\"canonical\" href=\"https:\/\/alto.watch\/index.php\/movie\/hommage-a-la-zad\/\" \/>\n<meta property=\"og:locale\" content=\"fr_FR\" \/>\n<meta property=\"og:type\" content=\"article\" \/>\n<meta property=\"og:title\" content=\"Hommage \u00e0 la ZAD - Alto.watch\" \/>\n<meta property=\"og:description\" content=\"&#8220;Ce petit film de 17 minutes n\u2019est semble-t-il pas un Godard. Il y est question de ce qui se passe\" \/>\n<meta property=\"og:url\" content=\"https:\/\/alto.watch\/index.php\/movie\/hommage-a-la-zad\/\" \/>\n<meta property=\"og:site_name\" content=\"Alto.watch\" \/>\n<meta property=\"article:modified_time\" content=\"2021-04-11T19:12:49+00:00\" \/>\n<meta property=\"og:image\" content=\"https:\/\/alto.watch\/wp-content\/uploads\/2021\/04\/Capture-de\u0301cran-2021-04-11-a\u0300-21.12.07.png\" \/>\n\t<meta property=\"og:image:width\" content=\"475\" \/>\n\t<meta property=\"og:image:height\" content=\"682\" \/>\n<meta name=\"twitter:card\" content=\"summary_large_image\" \/>\n<meta name=\"twitter:label1\" content=\"Dur\u00e9e de lecture est.\">\n\t<meta name=\"twitter:data1\" content=\"1 minute\">\n<script type=\"application\/ld+json\" class=\"yoast-schema-graph\">{\"@context\":\"https:\/\/schema.org\",\"@graph\":[{\"@type\":\"WebSite\",\"@id\":\"https:\/\/alto.watch\/#website\",\"url\":\"https:\/\/alto.watch\/\",\"name\":\"Alto.watch\",\"description\":\"Plateforme vid\\u00e9o d&#039;\\u00e9ducation populaire, autonome et r\\u00e9volutionnaire.\",\"potentialAction\":[{\"@type\":\"SearchAction\",\"target\":\"https:\/\/alto.watch\/?s={search_term_string}\",\"query-input\":\"required name=search_term_string\"}],\"inLanguage\":\"fr-FR\"},{\"@type\":\"ImageObject\",\"@id\":\"https:\/\/alto.watch\/index.php\/movie\/hommage-a-la-zad\/#primaryimage\",\"inLanguage\":\"fr-FR\",\"url\":\"https:\/\/alto.watch\/wp-content\/uploads\/2021\/04\/Capture-de\\u0301cran-2021-04-11-a\\u0300-21.12.07.png\",\"width\":475,\"height\":682},{\"@type\":\"WebPage\",\"@id\":\"https:\/\/alto.watch\/index.php\/movie\/hommage-a-la-zad\/#webpage\",\"url\":\"https:\/\/alto.watch\/index.php\/movie\/hommage-a-la-zad\/\",\"name\":\"Hommage \\u00e0 la ZAD - Alto.watch\",\"isPartOf\":{\"@id\":\"https:\/\/alto.watch\/#website\"},\"primaryImageOfPage\":{\"@id\":\"https:\/\/alto.watch\/index.php\/movie\/hommage-a-la-zad\/#primaryimage\"},\"datePublished\":\"2021-04-11T19:12:48+00:00\",\"dateModified\":\"2021-04-11T19:12:49+00:00\",\"breadcrumb\":{\"@id\":\"https:\/\/alto.watch\/index.php\/movie\/hommage-a-la-zad\/#breadcrumb\"},\"inLanguage\":\"fr-FR\",\"potentialAction\":[{\"@type\":\"ReadAction\",\"target\":[\"https:\/\/alto.watch\/index.php\/movie\/hommage-a-la-zad\/\"]}]},{\"@type\":\"BreadcrumbList\",\"@id\":\"https:\/\/alto.watch\/index.php\/movie\/hommage-a-la-zad\/#breadcrumb\",\"itemListElement\":[{\"@type\":\"ListItem\",\"position\":1,\"item\":{\"@type\":\"WebPage\",\"@id\":\"https:\/\/alto.watch\/\",\"url\":\"https:\/\/alto.watch\/\",\"name\":\"Accueil\"}},{\"@type\":\"ListItem\",\"position\":2,\"item\":{\"@type\":\"WebPage\",\"@id\":\"https:\/\/alto.watch\/index.php\/catalogue\/\",\"url\":\"https:\/\/alto.watch\/index.php\/catalogue\/\",\"name\":\"Movies\"}},{\"@type\":\"ListItem\",\"position\":3,\"item\":{\"@type\":\"WebPage\",\"@id\":\"https:\/\/alto.watch\/index.php\/movie\/hommage-a-la-zad\/\",\"url\":\"https:\/\/alto.watch\/index.php\/movie\/hommage-a-la-zad\/\",\"name\":\"Hommage \\u00e0 la ZAD\"}}]}]}<\/script>\n<!-- \/ Yoast SEO plugin. -->","_links":{"self":[{"href":"https:\/\/alto.watch\/index.php\/wp-json\/wp\/v2\/movie\/6116","targetHints":{"allow":["GET"]}}],"collection":[{"href":"https:\/\/alto.watch\/index.php\/wp-json\/wp\/v2\/movie"}],"about":[{"href":"https:\/\/alto.watch\/index.php\/wp-json\/wp\/v2\/types\/movie"}],"author":[{"embeddable":true,"href":"https:\/\/alto.watch\/index.php\/wp-json\/wp\/v2\/users\/1"}],"replies":[{"embeddable":true,"href":"https:\/\/alto.watch\/index.php\/wp-json\/wp\/v2\/comments?post=6116"}],"wp:featuredmedia":[{"embeddable":true,"href":"https:\/\/alto.watch\/index.php\/wp-json\/wp\/v2\/media\/6117"}],"wp:attachment":[{"href":"https:\/\/alto.watch\/index.php\/wp-json\/wp\/v2\/media?parent=6116"}],"wp:term":[{"taxonomy":"movie_genre","embeddable":true,"href":"https:\/\/alto.watch\/index.php\/wp-json\/wp\/v2\/movie_genre?post=6116"},{"taxonomy":"movie_tag","embeddable":true,"href":"https:\/\/alto.watch\/index.php\/wp-json\/wp\/v2\/movie_tag?post=6116"},{"taxonomy":"movie_realisation","embeddable":true,"href":"https:\/\/alto.watch\/index.php\/wp-json\/wp\/v2\/movie_realisation?post=6116"}],"curies":[{"name":"wp","href":"https:\/\/api.w.org\/{rel}","templated":true}]}}

Hommage à la ZAD

<p><em>&#8220;Ce petit film de 17 minutes n’est semble-t-il pas un Godard. Il y est question de ce qui se passe sur la ZAD, entre ambiance de guerre, joie des projets collectifs, land art, lieu de vie et vaches en gros plan. Tout cela est réalisé avec finesse et une drôlerie que l’on rencontre trop rarement dans ce genre de production.&#8221;</em> via <a href="https://www.youtube.com/watch?v=Bj0Us3rgrxI">lundimatin</a>.</p>

<!-- This site is optimized with the Yoast SEO plugin v15.9.2 - https://yoast.com/wordpress/plugins/seo/ -->
<title>Hommage à la ZAD - Alto.watch</title>
<link rel="canonical" href="https://alto.watch/index.php/movie/hommage-a-la-zad/" />
<meta property="og:locale" content="fr_FR" />
<meta property="og:type" content="article" />
<meta property="og:title" content="Hommage à la ZAD - Alto.watch" />
<meta property="og:description" content="&#8220;Ce petit film de 17 minutes n’est semble-t-il pas un Godard. Il y est question de ce qui se passe" />
<meta property="og:url" content="https://alto.watch/index.php/movie/hommage-a-la-zad/" />
<meta property="og:site_name" content="Alto.watch" />
<meta property="article:modified_time" content="2021-04-11T19:12:49+00:00" />
<meta property="og:image" content="https://alto.watch/wp-content/uploads/2021/04/Capture-décran-2021-04-11-à-21.12.07.png" />
	<meta property="og:image:width" content="475" />
	<meta property="og:image:height" content="682" />
<meta name="twitter:card" content="summary_large_image" />
<meta name="twitter:label1" content="Durée de lecture est.">
	<meta name="twitter:data1" content="1 minute">
<script type="application/ld+json" class="yoast-schema-graph">{"@context":"https://schema.org","@graph":[{"@type":"WebSite","@id":"https://alto.watch/#website","url":"https://alto.watch/","name":"Alto.watch","description":"Plateforme vid\u00e9o d&#039;\u00e9ducation populaire, autonome et r\u00e9volutionnaire.","potentialAction":[{"@type":"SearchAction","target":"https://alto.watch/?s={search_term_string}","query-input":"required name=search_term_string"}],"inLanguage":"fr-FR"},{"@type":"ImageObject","@id":"https://alto.watch/index.php/movie/hommage-a-la-zad/#primaryimage","inLanguage":"fr-FR","url":"https://alto.watch/wp-content/uploads/2021/04/Capture-de\u0301cran-2021-04-11-a\u0300-21.12.07.png","width":475,"height":682},{"@type":"WebPage","@id":"https://alto.watch/index.php/movie/hommage-a-la-zad/#webpage","url":"https://alto.watch/index.php/movie/hommage-a-la-zad/","name":"Hommage \u00e0 la ZAD - Alto.watch","isPartOf":{"@id":"https://alto.watch/#website"},"primaryImageOfPage":{"@id":"https://alto.watch/index.php/movie/hommage-a-la-zad/#primaryimage"},"datePublished":"2021-04-11T19:12:48+00:00","dateModified":"2021-04-11T19:12:49+00:00","breadcrumb":{"@id":"https://alto.watch/index.php/movie/hommage-a-la-zad/#breadcrumb"},"inLanguage":"fr-FR","potentialAction":[{"@type":"ReadAction","target":["https://alto.watch/index.php/movie/hommage-a-la-zad/"]}]},{"@type":"BreadcrumbList","@id":"https://alto.watch/index.php/movie/hommage-a-la-zad/#breadcrumb","itemListElement":[{"@type":"ListItem","position":1,"item":{"@type":"WebPage","@id":"https://alto.watch/","url":"https://alto.watch/","name":"Accueil"}},{"@type":"ListItem","position":2,"item":{"@type":"WebPage","@id":"https://alto.watch/index.php/catalogue/","url":"https://alto.watch/index.php/catalogue/","name":"Movies"}},{"@type":"ListItem","position":3,"item":{"@type":"WebPage","@id":"https://alto.watch/index.php/movie/hommage-a-la-zad/","url":"https://alto.watch/index.php/movie/hommage-a-la-zad/","name":"Hommage \u00e0 la ZAD"}}]}]}</script>
<!-- / Yoast SEO plugin. -->
