{"id":5893,"date":"2021-03-14T19:16:02","date_gmt":"2021-03-14T18:16:02","guid":{"rendered":"http:\/\/saltopirate.com\/?post_type=movie&#038;p=5893"},"modified":"2021-03-14T21:38:09","modified_gmt":"2021-03-14T20:38:09","slug":"les-barbares","status":"publish","type":"movie","link":"https:\/\/alto.watch\/index.php\/movie\/les-barbares\/","title":{"rendered":"Les barbares"},"content":{"rendered":"\n<p><em>Si la politique est appel\u00e9e \u00e0 revenir, ce ne sera que par le c\u00f4t\u00e9 du sauvage et de l&#8217;impr\u00e9sentable ; l\u00e0 o\u00f9 s&#8217;\u00e9l\u00e8vera cette sourde rumeur o\u00f9 se laisse distinguer le grondement : Nous, pl\u00e8be ; nous, barbares !<\/em>&#8220;<br>(Alain Brossat)<br><br>Jean-Gabriel P\u00e9riot manipule des documents d\u2019archives et poursuit sa r\u00e9flexion sur la violence visible ou cach\u00e9e. Des dizaines de portraits de groupes d\u00e9filent \u00e0 un rythme qui s\u2019acc\u00e9l\u00e8re comme celui de la musique.<\/p>\n","protected":false},"excerpt":{"rendered":"<p>Si la politique est appel\u00e9e \u00e0 revenir, ce ne sera que par le c\u00f4t\u00e9 du sauvage et de l&#8217;impr\u00e9sentable ;<\/p>\n","protected":false},"author":1,"featured_media":5894,"comment_status":"closed","ping_status":"closed","template":"","meta":[],"movie_genre":[211],"movie_tag":[91,224],"movie_realisation":[253],"class_list":["post-5893","movie","type-movie","status-publish","has-post-thumbnail","hentry","movie_genre-court-metrage","movie_tag-anarchisme","movie_tag-autonomies"],"yoast_head":"<!-- This site is optimized with the Yoast SEO plugin v15.9.2 - https:\/\/yoast.com\/wordpress\/plugins\/seo\/ -->\n<title>Les barbares - Alto.watch<\/title>\n<link rel=\"canonical\" href=\"https:\/\/alto.watch\/index.php\/movie\/les-barbares\/\" \/>\n<meta property=\"og:locale\" content=\"fr_FR\" \/>\n<meta property=\"og:type\" content=\"article\" \/>\n<meta property=\"og:title\" content=\"Les barbares - Alto.watch\" \/>\n<meta property=\"og:description\" content=\"Si la politique est appel\u00e9e \u00e0 revenir, ce ne sera que par le c\u00f4t\u00e9 du sauvage et de l&#8217;impr\u00e9sentable ;\" \/>\n<meta property=\"og:url\" content=\"https:\/\/alto.watch\/index.php\/movie\/les-barbares\/\" \/>\n<meta property=\"og:site_name\" content=\"Alto.watch\" \/>\n<meta property=\"article:modified_time\" content=\"2021-03-14T20:38:09+00:00\" \/>\n<meta property=\"og:image\" content=\"https:\/\/alto.watch\/wp-content\/uploads\/2021\/03\/phpThumb_generated_thumbnail-e1615745753536.jpg\" \/>\n\t<meta property=\"og:image:width\" content=\"376\" \/>\n\t<meta property=\"og:image:height\" content=\"529\" \/>\n<meta name=\"twitter:card\" content=\"summary_large_image\" \/>\n<meta name=\"twitter:label1\" content=\"Dur\u00e9e de lecture est.\">\n\t<meta name=\"twitter:data1\" content=\"1 minute\">\n<script type=\"application\/ld+json\" class=\"yoast-schema-graph\">{\"@context\":\"https:\/\/schema.org\",\"@graph\":[{\"@type\":\"WebSite\",\"@id\":\"https:\/\/alto.watch\/#website\",\"url\":\"https:\/\/alto.watch\/\",\"name\":\"Alto.watch\",\"description\":\"Plateforme vid\\u00e9o d&#039;\\u00e9ducation populaire, autonome et r\\u00e9volutionnaire.\",\"potentialAction\":[{\"@type\":\"SearchAction\",\"target\":\"https:\/\/alto.watch\/?s={search_term_string}\",\"query-input\":\"required name=search_term_string\"}],\"inLanguage\":\"fr-FR\"},{\"@type\":\"ImageObject\",\"@id\":\"https:\/\/alto.watch\/index.php\/movie\/les-barbares\/#primaryimage\",\"inLanguage\":\"fr-FR\",\"url\":\"https:\/\/alto.watch\/wp-content\/uploads\/2021\/03\/phpThumb_generated_thumbnail-e1615745753536.jpg\",\"width\":376,\"height\":529},{\"@type\":\"WebPage\",\"@id\":\"https:\/\/alto.watch\/index.php\/movie\/les-barbares\/#webpage\",\"url\":\"https:\/\/alto.watch\/index.php\/movie\/les-barbares\/\",\"name\":\"Les barbares - Alto.watch\",\"isPartOf\":{\"@id\":\"https:\/\/alto.watch\/#website\"},\"primaryImageOfPage\":{\"@id\":\"https:\/\/alto.watch\/index.php\/movie\/les-barbares\/#primaryimage\"},\"datePublished\":\"2021-03-14T18:16:02+00:00\",\"dateModified\":\"2021-03-14T20:38:09+00:00\",\"breadcrumb\":{\"@id\":\"https:\/\/alto.watch\/index.php\/movie\/les-barbares\/#breadcrumb\"},\"inLanguage\":\"fr-FR\",\"potentialAction\":[{\"@type\":\"ReadAction\",\"target\":[\"https:\/\/alto.watch\/index.php\/movie\/les-barbares\/\"]}]},{\"@type\":\"BreadcrumbList\",\"@id\":\"https:\/\/alto.watch\/index.php\/movie\/les-barbares\/#breadcrumb\",\"itemListElement\":[{\"@type\":\"ListItem\",\"position\":1,\"item\":{\"@type\":\"WebPage\",\"@id\":\"https:\/\/alto.watch\/\",\"url\":\"https:\/\/alto.watch\/\",\"name\":\"Accueil\"}},{\"@type\":\"ListItem\",\"position\":2,\"item\":{\"@type\":\"WebPage\",\"@id\":\"https:\/\/alto.watch\/index.php\/catalogue\/\",\"url\":\"https:\/\/alto.watch\/index.php\/catalogue\/\",\"name\":\"Movies\"}},{\"@type\":\"ListItem\",\"position\":3,\"item\":{\"@type\":\"WebPage\",\"@id\":\"https:\/\/alto.watch\/index.php\/movie\/les-barbares\/\",\"url\":\"https:\/\/alto.watch\/index.php\/movie\/les-barbares\/\",\"name\":\"Les barbares\"}}]}]}<\/script>\n<!-- \/ Yoast SEO plugin. -->","_links":{"self":[{"href":"https:\/\/alto.watch\/index.php\/wp-json\/wp\/v2\/movie\/5893","targetHints":{"allow":["GET"]}}],"collection":[{"href":"https:\/\/alto.watch\/index.php\/wp-json\/wp\/v2\/movie"}],"about":[{"href":"https:\/\/alto.watch\/index.php\/wp-json\/wp\/v2\/types\/movie"}],"author":[{"embeddable":true,"href":"https:\/\/alto.watch\/index.php\/wp-json\/wp\/v2\/users\/1"}],"replies":[{"embeddable":true,"href":"https:\/\/alto.watch\/index.php\/wp-json\/wp\/v2\/comments?post=5893"}],"wp:featuredmedia":[{"embeddable":true,"href":"https:\/\/alto.watch\/index.php\/wp-json\/wp\/v2\/media\/5894"}],"wp:attachment":[{"href":"https:\/\/alto.watch\/index.php\/wp-json\/wp\/v2\/media?parent=5893"}],"wp:term":[{"taxonomy":"movie_genre","embeddable":true,"href":"https:\/\/alto.watch\/index.php\/wp-json\/wp\/v2\/movie_genre?post=5893"},{"taxonomy":"movie_tag","embeddable":true,"href":"https:\/\/alto.watch\/index.php\/wp-json\/wp\/v2\/movie_tag?post=5893"},{"taxonomy":"movie_realisation","embeddable":true,"href":"https:\/\/alto.watch\/index.php\/wp-json\/wp\/v2\/movie_realisation?post=5893"}],"curies":[{"name":"wp","href":"https:\/\/api.w.org\/{rel}","templated":true}]}}

<p><em>Si la politique est appelée à revenir, ce ne sera que par le côté du sauvage et de l&#8217;imprésentable ; là où s&#8217;élèvera cette sourde rumeur où se laisse distinguer le grondement : Nous, plèbe ; nous, barbares !</em>&#8220;<br>(Alain Brossat)<br><br>Jean-Gabriel Périot manipule des documents d’archives et poursuit sa réflexion sur la violence visible ou cachée. Des dizaines de portraits de groupes défilent à un rythme qui s’accélère comme celui de la musique.</p>

<p>Si la politique est appelée à revenir, ce ne sera que par le côté du sauvage et de l&#8217;imprésentable ;</p>

<!-- This site is optimized with the Yoast SEO plugin v15.9.2 - https://yoast.com/wordpress/plugins/seo/ -->
<title>Les barbares - Alto.watch</title>
<link rel="canonical" href="https://alto.watch/index.php/movie/les-barbares/" />
<meta property="og:locale" content="fr_FR" />
<meta property="og:type" content="article" />
<meta property="og:title" content="Les barbares - Alto.watch" />
<meta property="og:description" content="Si la politique est appelée à revenir, ce ne sera que par le côté du sauvage et de l&#8217;imprésentable ;" />
<meta property="og:url" content="https://alto.watch/index.php/movie/les-barbares/" />
<meta property="og:site_name" content="Alto.watch" />
<meta property="article:modified_time" content="2021-03-14T20:38:09+00:00" />
<meta property="og:image" content="https://alto.watch/wp-content/uploads/2021/03/phpThumb_generated_thumbnail-e1615745753536.jpg" />
	<meta property="og:image:width" content="376" />
	<meta property="og:image:height" content="529" />
<meta name="twitter:card" content="summary_large_image" />
<meta name="twitter:label1" content="Durée de lecture est.">
	<meta name="twitter:data1" content="1 minute">
<script type="application/ld+json" class="yoast-schema-graph">{"@context":"https://schema.org","@graph":[{"@type":"WebSite","@id":"https://alto.watch/#website","url":"https://alto.watch/","name":"Alto.watch","description":"Plateforme vid\u00e9o d&#039;\u00e9ducation populaire, autonome et r\u00e9volutionnaire.","potentialAction":[{"@type":"SearchAction","target":"https://alto.watch/?s={search_term_string}","query-input":"required name=search_term_string"}],"inLanguage":"fr-FR"},{"@type":"ImageObject","@id":"https://alto.watch/index.php/movie/les-barbares/#primaryimage","inLanguage":"fr-FR","url":"https://alto.watch/wp-content/uploads/2021/03/phpThumb_generated_thumbnail-e1615745753536.jpg","width":376,"height":529},{"@type":"WebPage","@id":"https://alto.watch/index.php/movie/les-barbares/#webpage","url":"https://alto.watch/index.php/movie/les-barbares/","name":"Les barbares - Alto.watch","isPartOf":{"@id":"https://alto.watch/#website"},"primaryImageOfPage":{"@id":"https://alto.watch/index.php/movie/les-barbares/#primaryimage"},"datePublished":"2021-03-14T18:16:02+00:00","dateModified":"2021-03-14T20:38:09+00:00","breadcrumb":{"@id":"https://alto.watch/index.php/movie/les-barbares/#breadcrumb"},"inLanguage":"fr-FR","potentialAction":[{"@type":"ReadAction","target":["https://alto.watch/index.php/movie/les-barbares/"]}]},{"@type":"BreadcrumbList","@id":"https://alto.watch/index.php/movie/les-barbares/#breadcrumb","itemListElement":[{"@type":"ListItem","position":1,"item":{"@type":"WebPage","@id":"https://alto.watch/","url":"https://alto.watch/","name":"Accueil"}},{"@type":"ListItem","position":2,"item":{"@type":"WebPage","@id":"https://alto.watch/index.php/catalogue/","url":"https://alto.watch/index.php/catalogue/","name":"Movies"}},{"@type":"ListItem","position":3,"item":{"@type":"WebPage","@id":"https://alto.watch/index.php/movie/les-barbares/","url":"https://alto.watch/index.php/movie/les-barbares/","name":"Les barbares"}}]}]}</script>
<!-- / Yoast SEO plugin. -->
