{"id":5622,"date":"2020-11-22T21:41:26","date_gmt":"2020-11-22T20:41:26","guid":{"rendered":"http:\/\/saltopirate.com\/?post_type=movie&#038;p=5622"},"modified":"2021-03-14T22:06:17","modified_gmt":"2021-03-14T21:06:17","slug":"lutter-ici-et-maintenant","status":"publish","type":"movie","link":"https:\/\/alto.watch\/index.php\/movie\/lutter-ici-et-maintenant\/","title":{"rendered":"Lutter&#8230; ici et maintenant !"},"content":{"rendered":"\n<p><em>&#8220;Dans le paysage social r\u00e9cent, quel est le d\u00e9nominateur commun entre les comportements violents lors du mouvement social contre la r\u00e9forme des retraites ou le sommet de l\u2019Otan de Strasbourg, le soutien des plus virulentes des associations aux expuls\u00e9s de Cachan ou aux ch\u00f4meurs et travailleurs pr\u00e9caires, la reprise par des jeunes gens du caf\u00e9 restaurant et de l\u2019\u00e9picerie de Tarnac pour en faire un lieu de d\u00e9bat social?&#8221;<\/em><\/p>\n","protected":false},"excerpt":{"rendered":"<p>&#8220;Dans le paysage social r\u00e9cent, quel est le d\u00e9nominateur commun entre les comportements violents lors du mouvement social contre la<\/p>\n","protected":false},"author":1,"featured_media":5623,"comment_status":"closed","ping_status":"closed","template":"","meta":[],"movie_genre":[112],"movie_tag":[224,160,213,221],"movie_realisation":[225],"class_list":["post-5622","movie","type-movie","status-publish","has-post-thumbnail","hentry","movie_genre-documentaire","movie_tag-autonomies","movie_tag-situationnisme","movie_tag-tiqqun","movie_tag-zad"],"yoast_head":"<!-- This site is optimized with the Yoast SEO plugin v15.9.2 - https:\/\/yoast.com\/wordpress\/plugins\/seo\/ -->\n<title>Lutter... ici et maintenant ! - Alto.watch<\/title>\n<link rel=\"canonical\" href=\"https:\/\/alto.watch\/index.php\/movie\/lutter-ici-et-maintenant\/\" \/>\n<meta property=\"og:locale\" content=\"fr_FR\" \/>\n<meta property=\"og:type\" content=\"article\" \/>\n<meta property=\"og:title\" content=\"Lutter... ici et maintenant ! - Alto.watch\" \/>\n<meta property=\"og:description\" content=\"&#8220;Dans le paysage social r\u00e9cent, quel est le d\u00e9nominateur commun entre les comportements violents lors du mouvement social contre la\" \/>\n<meta property=\"og:url\" content=\"https:\/\/alto.watch\/index.php\/movie\/lutter-ici-et-maintenant\/\" \/>\n<meta property=\"og:site_name\" content=\"Alto.watch\" \/>\n<meta property=\"article:modified_time\" content=\"2021-03-14T21:06:17+00:00\" \/>\n<meta property=\"og:image\" content=\"https:\/\/alto.watch\/wp-content\/uploads\/2020\/11\/DVD-Lutter-ici-et-maintenant-750x1057-1.jpg\" \/>\n\t<meta property=\"og:image:width\" content=\"750\" \/>\n\t<meta property=\"og:image:height\" content=\"1057\" \/>\n<meta name=\"twitter:card\" content=\"summary_large_image\" \/>\n<meta name=\"twitter:label1\" content=\"Dur\u00e9e de lecture est.\">\n\t<meta name=\"twitter:data1\" content=\"1 minute\">\n<script type=\"application\/ld+json\" class=\"yoast-schema-graph\">{\"@context\":\"https:\/\/schema.org\",\"@graph\":[{\"@type\":\"WebSite\",\"@id\":\"https:\/\/alto.watch\/#website\",\"url\":\"https:\/\/alto.watch\/\",\"name\":\"Alto.watch\",\"description\":\"Plateforme vid\\u00e9o d&#039;\\u00e9ducation populaire, autonome et r\\u00e9volutionnaire.\",\"potentialAction\":[{\"@type\":\"SearchAction\",\"target\":\"https:\/\/alto.watch\/?s={search_term_string}\",\"query-input\":\"required name=search_term_string\"}],\"inLanguage\":\"fr-FR\"},{\"@type\":\"ImageObject\",\"@id\":\"https:\/\/alto.watch\/index.php\/movie\/lutter-ici-et-maintenant\/#primaryimage\",\"inLanguage\":\"fr-FR\",\"url\":\"https:\/\/alto.watch\/wp-content\/uploads\/2020\/11\/DVD-Lutter-ici-et-maintenant-750x1057-1.jpg\",\"width\":750,\"height\":1057},{\"@type\":\"WebPage\",\"@id\":\"https:\/\/alto.watch\/index.php\/movie\/lutter-ici-et-maintenant\/#webpage\",\"url\":\"https:\/\/alto.watch\/index.php\/movie\/lutter-ici-et-maintenant\/\",\"name\":\"Lutter... ici et maintenant ! - Alto.watch\",\"isPartOf\":{\"@id\":\"https:\/\/alto.watch\/#website\"},\"primaryImageOfPage\":{\"@id\":\"https:\/\/alto.watch\/index.php\/movie\/lutter-ici-et-maintenant\/#primaryimage\"},\"datePublished\":\"2020-11-22T20:41:26+00:00\",\"dateModified\":\"2021-03-14T21:06:17+00:00\",\"breadcrumb\":{\"@id\":\"https:\/\/alto.watch\/index.php\/movie\/lutter-ici-et-maintenant\/#breadcrumb\"},\"inLanguage\":\"fr-FR\",\"potentialAction\":[{\"@type\":\"ReadAction\",\"target\":[\"https:\/\/alto.watch\/index.php\/movie\/lutter-ici-et-maintenant\/\"]}]},{\"@type\":\"BreadcrumbList\",\"@id\":\"https:\/\/alto.watch\/index.php\/movie\/lutter-ici-et-maintenant\/#breadcrumb\",\"itemListElement\":[{\"@type\":\"ListItem\",\"position\":1,\"item\":{\"@type\":\"WebPage\",\"@id\":\"https:\/\/alto.watch\/\",\"url\":\"https:\/\/alto.watch\/\",\"name\":\"Accueil\"}},{\"@type\":\"ListItem\",\"position\":2,\"item\":{\"@type\":\"WebPage\",\"@id\":\"https:\/\/alto.watch\/index.php\/catalogue\/\",\"url\":\"https:\/\/alto.watch\/index.php\/catalogue\/\",\"name\":\"Movies\"}},{\"@type\":\"ListItem\",\"position\":3,\"item\":{\"@type\":\"WebPage\",\"@id\":\"https:\/\/alto.watch\/index.php\/movie\/lutter-ici-et-maintenant\/\",\"url\":\"https:\/\/alto.watch\/index.php\/movie\/lutter-ici-et-maintenant\/\",\"name\":\"Lutter&#8230; ici et maintenant !\"}}]}]}<\/script>\n<!-- \/ Yoast SEO plugin. -->","_links":{"self":[{"href":"https:\/\/alto.watch\/index.php\/wp-json\/wp\/v2\/movie\/5622","targetHints":{"allow":["GET"]}}],"collection":[{"href":"https:\/\/alto.watch\/index.php\/wp-json\/wp\/v2\/movie"}],"about":[{"href":"https:\/\/alto.watch\/index.php\/wp-json\/wp\/v2\/types\/movie"}],"author":[{"embeddable":true,"href":"https:\/\/alto.watch\/index.php\/wp-json\/wp\/v2\/users\/1"}],"replies":[{"embeddable":true,"href":"https:\/\/alto.watch\/index.php\/wp-json\/wp\/v2\/comments?post=5622"}],"wp:featuredmedia":[{"embeddable":true,"href":"https:\/\/alto.watch\/index.php\/wp-json\/wp\/v2\/media\/5623"}],"wp:attachment":[{"href":"https:\/\/alto.watch\/index.php\/wp-json\/wp\/v2\/media?parent=5622"}],"wp:term":[{"taxonomy":"movie_genre","embeddable":true,"href":"https:\/\/alto.watch\/index.php\/wp-json\/wp\/v2\/movie_genre?post=5622"},{"taxonomy":"movie_tag","embeddable":true,"href":"https:\/\/alto.watch\/index.php\/wp-json\/wp\/v2\/movie_tag?post=5622"},{"taxonomy":"movie_realisation","embeddable":true,"href":"https:\/\/alto.watch\/index.php\/wp-json\/wp\/v2\/movie_realisation?post=5622"}],"curies":[{"name":"wp","href":"https:\/\/api.w.org\/{rel}","templated":true}]}}

<p><em>&#8220;Dans le paysage social récent, quel est le dénominateur commun entre les comportements violents lors du mouvement social contre la réforme des retraites ou le sommet de l’Otan de Strasbourg, le soutien des plus virulentes des associations aux expulsés de Cachan ou aux chômeurs et travailleurs précaires, la reprise par des jeunes gens du café restaurant et de l’épicerie de Tarnac pour en faire un lieu de débat social?&#8221;</em></p>

<p>&#8220;Dans le paysage social récent, quel est le dénominateur commun entre les comportements violents lors du mouvement social contre la</p>

<!-- This site is optimized with the Yoast SEO plugin v15.9.2 - https://yoast.com/wordpress/plugins/seo/ -->
<title>Lutter... ici et maintenant ! - Alto.watch</title>
<link rel="canonical" href="https://alto.watch/index.php/movie/lutter-ici-et-maintenant/" />
<meta property="og:locale" content="fr_FR" />
<meta property="og:type" content="article" />
<meta property="og:title" content="Lutter... ici et maintenant ! - Alto.watch" />
<meta property="og:description" content="&#8220;Dans le paysage social récent, quel est le dénominateur commun entre les comportements violents lors du mouvement social contre la" />
<meta property="og:url" content="https://alto.watch/index.php/movie/lutter-ici-et-maintenant/" />
<meta property="og:site_name" content="Alto.watch" />
<meta property="article:modified_time" content="2021-03-14T21:06:17+00:00" />
<meta property="og:image" content="https://alto.watch/wp-content/uploads/2020/11/DVD-Lutter-ici-et-maintenant-750x1057-1.jpg" />
	<meta property="og:image:width" content="750" />
	<meta property="og:image:height" content="1057" />
<meta name="twitter:card" content="summary_large_image" />
<meta name="twitter:label1" content="Durée de lecture est.">
	<meta name="twitter:data1" content="1 minute">
<script type="application/ld+json" class="yoast-schema-graph">{"@context":"https://schema.org","@graph":[{"@type":"WebSite","@id":"https://alto.watch/#website","url":"https://alto.watch/","name":"Alto.watch","description":"Plateforme vid\u00e9o d&#039;\u00e9ducation populaire, autonome et r\u00e9volutionnaire.","potentialAction":[{"@type":"SearchAction","target":"https://alto.watch/?s={search_term_string}","query-input":"required name=search_term_string"}],"inLanguage":"fr-FR"},{"@type":"ImageObject","@id":"https://alto.watch/index.php/movie/lutter-ici-et-maintenant/#primaryimage","inLanguage":"fr-FR","url":"https://alto.watch/wp-content/uploads/2020/11/DVD-Lutter-ici-et-maintenant-750x1057-1.jpg","width":750,"height":1057},{"@type":"WebPage","@id":"https://alto.watch/index.php/movie/lutter-ici-et-maintenant/#webpage","url":"https://alto.watch/index.php/movie/lutter-ici-et-maintenant/","name":"Lutter... ici et maintenant ! - Alto.watch","isPartOf":{"@id":"https://alto.watch/#website"},"primaryImageOfPage":{"@id":"https://alto.watch/index.php/movie/lutter-ici-et-maintenant/#primaryimage"},"datePublished":"2020-11-22T20:41:26+00:00","dateModified":"2021-03-14T21:06:17+00:00","breadcrumb":{"@id":"https://alto.watch/index.php/movie/lutter-ici-et-maintenant/#breadcrumb"},"inLanguage":"fr-FR","potentialAction":[{"@type":"ReadAction","target":["https://alto.watch/index.php/movie/lutter-ici-et-maintenant/"]}]},{"@type":"BreadcrumbList","@id":"https://alto.watch/index.php/movie/lutter-ici-et-maintenant/#breadcrumb","itemListElement":[{"@type":"ListItem","position":1,"item":{"@type":"WebPage","@id":"https://alto.watch/","url":"https://alto.watch/","name":"Accueil"}},{"@type":"ListItem","position":2,"item":{"@type":"WebPage","@id":"https://alto.watch/index.php/catalogue/","url":"https://alto.watch/index.php/catalogue/","name":"Movies"}},{"@type":"ListItem","position":3,"item":{"@type":"WebPage","@id":"https://alto.watch/index.php/movie/lutter-ici-et-maintenant/","url":"https://alto.watch/index.php/movie/lutter-ici-et-maintenant/","name":"Lutter&#8230; ici et maintenant !"}}]}]}</script>
<!-- / Yoast SEO plugin. -->
