{"id":5570,"date":"2020-11-13T18:53:21","date_gmt":"2020-11-13T17:53:21","guid":{"rendered":"http:\/\/saltopirate.com\/?post_type=movie&#038;p=5570"},"modified":"2021-03-14T21:25:06","modified_gmt":"2021-03-14T20:25:06","slug":"sur-le-capitalisme-patriarcal-entretien-avec-silvia-federici","status":"publish","type":"movie","link":"https:\/\/alto.watch\/index.php\/movie\/sur-le-capitalisme-patriarcal-entretien-avec-silvia-federici\/","title":{"rendered":"Sur le capitalisme patriarcal : entretien avec Silvia Federici"},"content":{"rendered":"\n<p><em>&#8220;Quelle importance de la gr\u00e8ve f\u00e9ministe aujourd&#8217;hui ? Quels sont les apports de l&#8217;op\u00e9ra\u00efsme au f\u00e9minisme de la reproduction sociale ? Comment d\u00e9naturaliser le travail m\u00e9nager ? La r\u00e9volution communiste est-elle d&#8217;actualit\u00e9 ?<\/em><\/p>\n\n\n\n<p><em>Silvia Federici (n\u00e9e en 1942 \u00e0 Parme en Italie) est une universitaire, enseignante et militante f\u00e9ministe radicale. Elle est professeure \u00e9m\u00e9rite et chercheuse \u00e0 l&#8217;Universit\u00e9 Hofstra \u00e0 New York. Elle a notamment \u00e9crit Caliban et la sorci\u00e8re (\u00e9ditions entremonde &#8211; 2017) et le Capitalisme patriarcal (La fabrique \u00e9ditions &#8211; 2019)&#8221;<\/em><\/p>\n","protected":false},"excerpt":{"rendered":"<p>Quelle importance de la gr\u00e8ve f\u00e9ministe aujourd&#8217;hui ? Quels sont les apports de l&#8217;op\u00e9ra\u00efsme au f\u00e9minisme de la reproduction sociale ? Comment d\u00e9naturaliser le travail m\u00e9nager ? La r\u00e9volution communiste est-elle d&#8217;actualit\u00e9 ?<\/p>\n<p>Dans le sillage de notre s\u00e9rie d&#8217;entretiens avec des figures du f\u00e9minisme contemporain pour ACTA, apr\u00e8s une premi\u00e8re vid\u00e9o en compagnie de Fran\u00e7oise Verg\u00e8s sur le f\u00e9minisme d\u00e9colonial, nous avons rencontr\u00e9 Silvia Federici suite \u00e0 la parution aux \u00e9ditions la Fabrique de son dernier ouvrage : Le Capitalisme Patriarcal. Nous en publions ici la version int\u00e9grale.<\/p>\n<p>Silvia Federici (n\u00e9e en 1942 \u00e0 Parme en Italie) est une universitaire, enseignante et militante f\u00e9ministe radicale. Elle est professeure \u00e9m\u00e9rite et chercheuse \u00e0 l&#8217;Universit\u00e9 Hofstra \u00e0 New York. Elle a notamment \u00e9crit Caliban et la sorci\u00e8re (\u00e9ditions entremonde &#8211; 2017) et le Capitalisme patriarcal (La fabrique \u00e9ditions &#8211; 2019)<\/p>\n","protected":false},"author":1,"featured_media":5571,"comment_status":"closed","ping_status":"closed","template":"","meta":[],"movie_genre":[138],"movie_tag":[125,207,197],"movie_realisation":[189],"class_list":["post-5570","movie","type-movie","status-publish","has-post-thumbnail","hentry","movie_genre-intervention","movie_tag-feminismes","movie_tag-greve","movie_tag-operaisme"],"yoast_head":"<!-- This site is optimized with the Yoast SEO plugin v15.9.2 - https:\/\/yoast.com\/wordpress\/plugins\/seo\/ -->\n<title>Sur le capitalisme patriarcal : entretien avec Silvia Federici - Alto.watch<\/title>\n<link rel=\"canonical\" href=\"https:\/\/alto.watch\/index.php\/movie\/sur-le-capitalisme-patriarcal-entretien-avec-silvia-federici\/\" \/>\n<meta property=\"og:locale\" content=\"fr_FR\" \/>\n<meta property=\"og:type\" content=\"article\" \/>\n<meta property=\"og:title\" content=\"Sur le capitalisme patriarcal : entretien avec Silvia Federici - Alto.watch\" \/>\n<meta property=\"og:description\" content=\"Quelle importance de la gr\u00e8ve f\u00e9ministe aujourd&#039;hui ? Quels sont les apports de l&#039;op\u00e9ra\u00efsme au f\u00e9minisme de la reproduction sociale ? Comment d\u00e9naturaliser le travail m\u00e9nager ? La r\u00e9volution communiste est-elle d&#039;actualit\u00e9 ? Dans le sillage de notre s\u00e9rie d&#039;entretiens avec des figures du f\u00e9minisme contemporain pour ACTA, apr\u00e8s une premi\u00e8re vid\u00e9o en compagnie de Fran\u00e7oise Verg\u00e8s sur le f\u00e9minisme d\u00e9colonial, nous avons rencontr\u00e9 Silvia Federici suite \u00e0 la parution aux \u00e9ditions la Fabrique de son dernier ouvrage : Le Capitalisme Patriarcal. Nous en publions ici la version int\u00e9grale. Silvia Federici (n\u00e9e en 1942 \u00e0 Parme en Italie) est une universitaire, enseignante et militante f\u00e9ministe radicale. Elle est professeure \u00e9m\u00e9rite et chercheuse \u00e0 l&#039;Universit\u00e9 Hofstra \u00e0 New York. Elle a notamment \u00e9crit Caliban et la sorci\u00e8re (\u00e9ditions entremonde - 2017) et le Capitalisme patriarcal (La fabrique \u00e9ditions - 2019)\" \/>\n<meta property=\"og:url\" content=\"https:\/\/alto.watch\/index.php\/movie\/sur-le-capitalisme-patriarcal-entretien-avec-silvia-federici\/\" \/>\n<meta property=\"og:site_name\" content=\"Alto.watch\" \/>\n<meta property=\"article:modified_time\" content=\"2021-03-14T20:25:06+00:00\" \/>\n<meta property=\"og:image\" content=\"https:\/\/alto.watch\/wp-content\/uploads\/2020\/11\/maxresdefault.jpg\" \/>\n\t<meta property=\"og:image:width\" content=\"1280\" \/>\n\t<meta property=\"og:image:height\" content=\"720\" \/>\n<meta name=\"twitter:card\" content=\"summary_large_image\" \/>\n<meta name=\"twitter:label1\" content=\"Dur\u00e9e de lecture est.\">\n\t<meta name=\"twitter:data1\" content=\"1 minute\">\n<script type=\"application\/ld+json\" class=\"yoast-schema-graph\">{\"@context\":\"https:\/\/schema.org\",\"@graph\":[{\"@type\":\"WebSite\",\"@id\":\"https:\/\/alto.watch\/#website\",\"url\":\"https:\/\/alto.watch\/\",\"name\":\"Alto.watch\",\"description\":\"Plateforme vid\\u00e9o d&#039;\\u00e9ducation populaire, autonome et r\\u00e9volutionnaire.\",\"potentialAction\":[{\"@type\":\"SearchAction\",\"target\":\"https:\/\/alto.watch\/?s={search_term_string}\",\"query-input\":\"required name=search_term_string\"}],\"inLanguage\":\"fr-FR\"},{\"@type\":\"ImageObject\",\"@id\":\"https:\/\/alto.watch\/index.php\/movie\/sur-le-capitalisme-patriarcal-entretien-avec-silvia-federici\/#primaryimage\",\"inLanguage\":\"fr-FR\",\"url\":\"https:\/\/alto.watch\/wp-content\/uploads\/2020\/11\/maxresdefault.jpg\",\"width\":1280,\"height\":720},{\"@type\":\"WebPage\",\"@id\":\"https:\/\/alto.watch\/index.php\/movie\/sur-le-capitalisme-patriarcal-entretien-avec-silvia-federici\/#webpage\",\"url\":\"https:\/\/alto.watch\/index.php\/movie\/sur-le-capitalisme-patriarcal-entretien-avec-silvia-federici\/\",\"name\":\"Sur le capitalisme patriarcal : entretien avec Silvia Federici - Alto.watch\",\"isPartOf\":{\"@id\":\"https:\/\/alto.watch\/#website\"},\"primaryImageOfPage\":{\"@id\":\"https:\/\/alto.watch\/index.php\/movie\/sur-le-capitalisme-patriarcal-entretien-avec-silvia-federici\/#primaryimage\"},\"datePublished\":\"2020-11-13T17:53:21+00:00\",\"dateModified\":\"2021-03-14T20:25:06+00:00\",\"breadcrumb\":{\"@id\":\"https:\/\/alto.watch\/index.php\/movie\/sur-le-capitalisme-patriarcal-entretien-avec-silvia-federici\/#breadcrumb\"},\"inLanguage\":\"fr-FR\",\"potentialAction\":[{\"@type\":\"ReadAction\",\"target\":[\"https:\/\/alto.watch\/index.php\/movie\/sur-le-capitalisme-patriarcal-entretien-avec-silvia-federici\/\"]}]},{\"@type\":\"BreadcrumbList\",\"@id\":\"https:\/\/alto.watch\/index.php\/movie\/sur-le-capitalisme-patriarcal-entretien-avec-silvia-federici\/#breadcrumb\",\"itemListElement\":[{\"@type\":\"ListItem\",\"position\":1,\"item\":{\"@type\":\"WebPage\",\"@id\":\"https:\/\/alto.watch\/\",\"url\":\"https:\/\/alto.watch\/\",\"name\":\"Accueil\"}},{\"@type\":\"ListItem\",\"position\":2,\"item\":{\"@type\":\"WebPage\",\"@id\":\"https:\/\/alto.watch\/index.php\/catalogue\/\",\"url\":\"https:\/\/alto.watch\/index.php\/catalogue\/\",\"name\":\"Movies\"}},{\"@type\":\"ListItem\",\"position\":3,\"item\":{\"@type\":\"WebPage\",\"@id\":\"https:\/\/alto.watch\/index.php\/movie\/sur-le-capitalisme-patriarcal-entretien-avec-silvia-federici\/\",\"url\":\"https:\/\/alto.watch\/index.php\/movie\/sur-le-capitalisme-patriarcal-entretien-avec-silvia-federici\/\",\"name\":\"Sur le capitalisme patriarcal : entretien avec Silvia Federici\"}}]}]}<\/script>\n<!-- \/ Yoast SEO plugin. -->","_links":{"self":[{"href":"https:\/\/alto.watch\/index.php\/wp-json\/wp\/v2\/movie\/5570","targetHints":{"allow":["GET"]}}],"collection":[{"href":"https:\/\/alto.watch\/index.php\/wp-json\/wp\/v2\/movie"}],"about":[{"href":"https:\/\/alto.watch\/index.php\/wp-json\/wp\/v2\/types\/movie"}],"author":[{"embeddable":true,"href":"https:\/\/alto.watch\/index.php\/wp-json\/wp\/v2\/users\/1"}],"replies":[{"embeddable":true,"href":"https:\/\/alto.watch\/index.php\/wp-json\/wp\/v2\/comments?post=5570"}],"wp:featuredmedia":[{"embeddable":true,"href":"https:\/\/alto.watch\/index.php\/wp-json\/wp\/v2\/media\/5571"}],"wp:attachment":[{"href":"https:\/\/alto.watch\/index.php\/wp-json\/wp\/v2\/media?parent=5570"}],"wp:term":[{"taxonomy":"movie_genre","embeddable":true,"href":"https:\/\/alto.watch\/index.php\/wp-json\/wp\/v2\/movie_genre?post=5570"},{"taxonomy":"movie_tag","embeddable":true,"href":"https:\/\/alto.watch\/index.php\/wp-json\/wp\/v2\/movie_tag?post=5570"},{"taxonomy":"movie_realisation","embeddable":true,"href":"https:\/\/alto.watch\/index.php\/wp-json\/wp\/v2\/movie_realisation?post=5570"}],"curies":[{"name":"wp","href":"https:\/\/api.w.org\/{rel}","templated":true}]}}

<p><em>&#8220;Quelle importance de la grève féministe aujourd&#8217;hui ? Quels sont les apports de l&#8217;opéraïsme au féminisme de la reproduction sociale ? Comment dénaturaliser le travail ménager ? La révolution communiste est-elle d&#8217;actualité ?</em></p>



<p><em>Silvia Federici (née en 1942 à Parme en Italie) est une universitaire, enseignante et militante féministe radicale. Elle est professeure émérite et chercheuse à l&#8217;Université Hofstra à New York. Elle a notamment écrit Caliban et la sorcière (éditions entremonde &#8211; 2017) et le Capitalisme patriarcal (La fabrique éditions &#8211; 2019)&#8221;</em></p>

<p>Quelle importance de la grève féministe aujourd&#8217;hui ? Quels sont les apports de l&#8217;opéraïsme au féminisme de la reproduction sociale ? Comment dénaturaliser le travail ménager ? La révolution communiste est-elle d&#8217;actualité ?</p>
<p>Dans le sillage de notre série d&#8217;entretiens avec des figures du féminisme contemporain pour ACTA, après une première vidéo en compagnie de Françoise Vergès sur le féminisme décolonial, nous avons rencontré Silvia Federici suite à la parution aux éditions la Fabrique de son dernier ouvrage : Le Capitalisme Patriarcal. Nous en publions ici la version intégrale.</p>
<p>Silvia Federici (née en 1942 à Parme en Italie) est une universitaire, enseignante et militante féministe radicale. Elle est professeure émérite et chercheuse à l&#8217;Université Hofstra à New York. Elle a notamment écrit Caliban et la sorcière (éditions entremonde &#8211; 2017) et le Capitalisme patriarcal (La fabrique éditions &#8211; 2019)</p>

<!-- This site is optimized with the Yoast SEO plugin v15.9.2 - https://yoast.com/wordpress/plugins/seo/ -->
<title>Sur le capitalisme patriarcal : entretien avec Silvia Federici - Alto.watch</title>
<link rel="canonical" href="https://alto.watch/index.php/movie/sur-le-capitalisme-patriarcal-entretien-avec-silvia-federici/" />
<meta property="og:locale" content="fr_FR" />
<meta property="og:type" content="article" />
<meta property="og:title" content="Sur le capitalisme patriarcal : entretien avec Silvia Federici - Alto.watch" />
<meta property="og:description" content="Quelle importance de la grève féministe aujourd&#039;hui ? Quels sont les apports de l&#039;opéraïsme au féminisme de la reproduction sociale ? Comment dénaturaliser le travail ménager ? La révolution communiste est-elle d&#039;actualité ? Dans le sillage de notre série d&#039;entretiens avec des figures du féminisme contemporain pour ACTA, après une première vidéo en compagnie de Françoise Vergès sur le féminisme décolonial, nous avons rencontré Silvia Federici suite à la parution aux éditions la Fabrique de son dernier ouvrage : Le Capitalisme Patriarcal. Nous en publions ici la version intégrale. Silvia Federici (née en 1942 à Parme en Italie) est une universitaire, enseignante et militante féministe radicale. Elle est professeure émérite et chercheuse à l&#039;Université Hofstra à New York. Elle a notamment écrit Caliban et la sorcière (éditions entremonde - 2017) et le Capitalisme patriarcal (La fabrique éditions - 2019)" />
<meta property="og:url" content="https://alto.watch/index.php/movie/sur-le-capitalisme-patriarcal-entretien-avec-silvia-federici/" />
<meta property="og:site_name" content="Alto.watch" />
<meta property="article:modified_time" content="2021-03-14T20:25:06+00:00" />
<meta property="og:image" content="https://alto.watch/wp-content/uploads/2020/11/maxresdefault.jpg" />
	<meta property="og:image:width" content="1280" />
	<meta property="og:image:height" content="720" />
<meta name="twitter:card" content="summary_large_image" />
<meta name="twitter:label1" content="Durée de lecture est.">
	<meta name="twitter:data1" content="1 minute">
<script type="application/ld+json" class="yoast-schema-graph">{"@context":"https://schema.org","@graph":[{"@type":"WebSite","@id":"https://alto.watch/#website","url":"https://alto.watch/","name":"Alto.watch","description":"Plateforme vid\u00e9o d&#039;\u00e9ducation populaire, autonome et r\u00e9volutionnaire.","potentialAction":[{"@type":"SearchAction","target":"https://alto.watch/?s={search_term_string}","query-input":"required name=search_term_string"}],"inLanguage":"fr-FR"},{"@type":"ImageObject","@id":"https://alto.watch/index.php/movie/sur-le-capitalisme-patriarcal-entretien-avec-silvia-federici/#primaryimage","inLanguage":"fr-FR","url":"https://alto.watch/wp-content/uploads/2020/11/maxresdefault.jpg","width":1280,"height":720},{"@type":"WebPage","@id":"https://alto.watch/index.php/movie/sur-le-capitalisme-patriarcal-entretien-avec-silvia-federici/#webpage","url":"https://alto.watch/index.php/movie/sur-le-capitalisme-patriarcal-entretien-avec-silvia-federici/","name":"Sur le capitalisme patriarcal : entretien avec Silvia Federici - Alto.watch","isPartOf":{"@id":"https://alto.watch/#website"},"primaryImageOfPage":{"@id":"https://alto.watch/index.php/movie/sur-le-capitalisme-patriarcal-entretien-avec-silvia-federici/#primaryimage"},"datePublished":"2020-11-13T17:53:21+00:00","dateModified":"2021-03-14T20:25:06+00:00","breadcrumb":{"@id":"https://alto.watch/index.php/movie/sur-le-capitalisme-patriarcal-entretien-avec-silvia-federici/#breadcrumb"},"inLanguage":"fr-FR","potentialAction":[{"@type":"ReadAction","target":["https://alto.watch/index.php/movie/sur-le-capitalisme-patriarcal-entretien-avec-silvia-federici/"]}]},{"@type":"BreadcrumbList","@id":"https://alto.watch/index.php/movie/sur-le-capitalisme-patriarcal-entretien-avec-silvia-federici/#breadcrumb","itemListElement":[{"@type":"ListItem","position":1,"item":{"@type":"WebPage","@id":"https://alto.watch/","url":"https://alto.watch/","name":"Accueil"}},{"@type":"ListItem","position":2,"item":{"@type":"WebPage","@id":"https://alto.watch/index.php/catalogue/","url":"https://alto.watch/index.php/catalogue/","name":"Movies"}},{"@type":"ListItem","position":3,"item":{"@type":"WebPage","@id":"https://alto.watch/index.php/movie/sur-le-capitalisme-patriarcal-entretien-avec-silvia-federici/","url":"https://alto.watch/index.php/movie/sur-le-capitalisme-patriarcal-entretien-avec-silvia-federici/","name":"Sur le capitalisme patriarcal : entretien avec Silvia Federici"}}]}]}</script>
<!-- / Yoast SEO plugin. -->
