{"id":5518,"date":"2020-11-11T19:42:21","date_gmt":"2020-11-11T18:42:21","guid":{"rendered":"http:\/\/ydzzdui.cluster029.hosting.ovh.net\/?post_type=movie&#038;p=5518"},"modified":"2021-03-14T18:26:44","modified_gmt":"2021-03-14T17:26:44","slug":"pas-res-nos-arresta","status":"publish","type":"movie","link":"https:\/\/alto.watch\/index.php\/movie\/pas-res-nos-arresta\/","title":{"rendered":"Pas res nos arresta"},"content":{"rendered":"\n<p><em>&#8220;\u00c0 l\u2019\u00e8re de la transition \u00e9nerg\u00e9tique pour la soi-disant croissance verte, RTE tente de s\u2019approprier les terres de deux jeunes agriculteurs, \u00e0 Saint-Victor dans le Sud-Aveyron, pour implanter un transformateur \u00e9lectrique de sept hectares. Ce transformateur redistribuerait sur le r\u00e9seau international du commerce de l\u2019\u00e9nergie, la production de 1000 \u00e9oliennes en construction sur les cr\u00eates de la r\u00e9gion. Alors que la municipalit\u00e9 de Saint-Victor et la majorit\u00e9 des habitants sont contre le projet ; les machines invasives de RTE et des promoteurs avancent, appuy\u00e9es par les services de l\u2019\u00c9tat. Au premier jour de l\u2019hiver 2014, une cabane nomm\u00e9e l\u2019Amassada se dresse sur les terres convoit\u00e9es. Les rencontres, les liens, les r\u00e9sistances s\u2019\u00e9tendent et s\u2019intensifient. Nous sommes au futur, voici les \u00e9l\u00e9ments qui se d\u00e9fendent aujourd\u2019hui.&#8221;<\/em><\/p>\n","protected":false},"excerpt":{"rendered":"<p>&#8220;\u00c0 l\u2019\u00e8re de la transition \u00e9nerg\u00e9tique pour la soi-disant croissance verte, RTE tente de s\u2019approprier les terres de deux jeunes<\/p>\n","protected":false},"author":1,"featured_media":5520,"comment_status":"closed","ping_status":"closed","template":"","meta":[],"movie_genre":[112],"movie_tag":[117,203],"movie_realisation":[190],"class_list":["post-5518","movie","type-movie","status-publish","has-post-thumbnail","hentry","movie_genre-documentaire","movie_tag-ecologies","movie_tag-technique"],"yoast_head":"<!-- This site is optimized with the Yoast SEO plugin v15.9.2 - https:\/\/yoast.com\/wordpress\/plugins\/seo\/ -->\n<title>Pas res nos arresta - Alto.watch<\/title>\n<link rel=\"canonical\" href=\"https:\/\/alto.watch\/index.php\/movie\/pas-res-nos-arresta\/\" \/>\n<meta property=\"og:locale\" content=\"fr_FR\" \/>\n<meta property=\"og:type\" content=\"article\" \/>\n<meta property=\"og:title\" content=\"Pas res nos arresta - Alto.watch\" \/>\n<meta property=\"og:description\" content=\"&#8220;\u00c0 l\u2019\u00e8re de la transition \u00e9nerg\u00e9tique pour la soi-disant croissance verte, RTE tente de s\u2019approprier les terres de deux jeunes\" \/>\n<meta property=\"og:url\" content=\"https:\/\/alto.watch\/index.php\/movie\/pas-res-nos-arresta\/\" \/>\n<meta property=\"og:site_name\" content=\"Alto.watch\" \/>\n<meta property=\"article:modified_time\" content=\"2021-03-14T17:26:44+00:00\" \/>\n<meta property=\"og:image\" content=\"https:\/\/alto.watch\/wp-content\/uploads\/2020\/11\/index.jpg\" \/>\n\t<meta property=\"og:image:width\" content=\"189\" \/>\n\t<meta property=\"og:image:height\" content=\"266\" \/>\n<meta name=\"twitter:card\" content=\"summary_large_image\" \/>\n<meta name=\"twitter:label1\" content=\"Dur\u00e9e de lecture est.\">\n\t<meta name=\"twitter:data1\" content=\"1 minute\">\n<script type=\"application\/ld+json\" class=\"yoast-schema-graph\">{\"@context\":\"https:\/\/schema.org\",\"@graph\":[{\"@type\":\"WebSite\",\"@id\":\"https:\/\/alto.watch\/#website\",\"url\":\"https:\/\/alto.watch\/\",\"name\":\"Alto.watch\",\"description\":\"Plateforme vid\\u00e9o d&#039;\\u00e9ducation populaire, autonome et r\\u00e9volutionnaire.\",\"potentialAction\":[{\"@type\":\"SearchAction\",\"target\":\"https:\/\/alto.watch\/?s={search_term_string}\",\"query-input\":\"required name=search_term_string\"}],\"inLanguage\":\"fr-FR\"},{\"@type\":\"ImageObject\",\"@id\":\"https:\/\/alto.watch\/index.php\/movie\/pas-res-nos-arresta\/#primaryimage\",\"inLanguage\":\"fr-FR\",\"url\":\"https:\/\/alto.watch\/wp-content\/uploads\/2020\/11\/index.jpg\",\"width\":189,\"height\":266},{\"@type\":\"WebPage\",\"@id\":\"https:\/\/alto.watch\/index.php\/movie\/pas-res-nos-arresta\/#webpage\",\"url\":\"https:\/\/alto.watch\/index.php\/movie\/pas-res-nos-arresta\/\",\"name\":\"Pas res nos arresta - Alto.watch\",\"isPartOf\":{\"@id\":\"https:\/\/alto.watch\/#website\"},\"primaryImageOfPage\":{\"@id\":\"https:\/\/alto.watch\/index.php\/movie\/pas-res-nos-arresta\/#primaryimage\"},\"datePublished\":\"2020-11-11T18:42:21+00:00\",\"dateModified\":\"2021-03-14T17:26:44+00:00\",\"breadcrumb\":{\"@id\":\"https:\/\/alto.watch\/index.php\/movie\/pas-res-nos-arresta\/#breadcrumb\"},\"inLanguage\":\"fr-FR\",\"potentialAction\":[{\"@type\":\"ReadAction\",\"target\":[\"https:\/\/alto.watch\/index.php\/movie\/pas-res-nos-arresta\/\"]}]},{\"@type\":\"BreadcrumbList\",\"@id\":\"https:\/\/alto.watch\/index.php\/movie\/pas-res-nos-arresta\/#breadcrumb\",\"itemListElement\":[{\"@type\":\"ListItem\",\"position\":1,\"item\":{\"@type\":\"WebPage\",\"@id\":\"https:\/\/alto.watch\/\",\"url\":\"https:\/\/alto.watch\/\",\"name\":\"Accueil\"}},{\"@type\":\"ListItem\",\"position\":2,\"item\":{\"@type\":\"WebPage\",\"@id\":\"https:\/\/alto.watch\/index.php\/catalogue\/\",\"url\":\"https:\/\/alto.watch\/index.php\/catalogue\/\",\"name\":\"Movies\"}},{\"@type\":\"ListItem\",\"position\":3,\"item\":{\"@type\":\"WebPage\",\"@id\":\"https:\/\/alto.watch\/index.php\/movie\/pas-res-nos-arresta\/\",\"url\":\"https:\/\/alto.watch\/index.php\/movie\/pas-res-nos-arresta\/\",\"name\":\"Pas res nos arresta\"}}]}]}<\/script>\n<!-- \/ Yoast SEO plugin. -->","_links":{"self":[{"href":"https:\/\/alto.watch\/index.php\/wp-json\/wp\/v2\/movie\/5518","targetHints":{"allow":["GET"]}}],"collection":[{"href":"https:\/\/alto.watch\/index.php\/wp-json\/wp\/v2\/movie"}],"about":[{"href":"https:\/\/alto.watch\/index.php\/wp-json\/wp\/v2\/types\/movie"}],"author":[{"embeddable":true,"href":"https:\/\/alto.watch\/index.php\/wp-json\/wp\/v2\/users\/1"}],"replies":[{"embeddable":true,"href":"https:\/\/alto.watch\/index.php\/wp-json\/wp\/v2\/comments?post=5518"}],"wp:featuredmedia":[{"embeddable":true,"href":"https:\/\/alto.watch\/index.php\/wp-json\/wp\/v2\/media\/5520"}],"wp:attachment":[{"href":"https:\/\/alto.watch\/index.php\/wp-json\/wp\/v2\/media?parent=5518"}],"wp:term":[{"taxonomy":"movie_genre","embeddable":true,"href":"https:\/\/alto.watch\/index.php\/wp-json\/wp\/v2\/movie_genre?post=5518"},{"taxonomy":"movie_tag","embeddable":true,"href":"https:\/\/alto.watch\/index.php\/wp-json\/wp\/v2\/movie_tag?post=5518"},{"taxonomy":"movie_realisation","embeddable":true,"href":"https:\/\/alto.watch\/index.php\/wp-json\/wp\/v2\/movie_realisation?post=5518"}],"curies":[{"name":"wp","href":"https:\/\/api.w.org\/{rel}","templated":true}]}}

<p><em>&#8220;À l’ère de la transition énergétique pour la soi-disant croissance verte, RTE tente de s’approprier les terres de deux jeunes agriculteurs, à Saint-Victor dans le Sud-Aveyron, pour implanter un transformateur électrique de sept hectares. Ce transformateur redistribuerait sur le réseau international du commerce de l’énergie, la production de 1000 éoliennes en construction sur les crêtes de la région. Alors que la municipalité de Saint-Victor et la majorité des habitants sont contre le projet ; les machines invasives de RTE et des promoteurs avancent, appuyées par les services de l’État. Au premier jour de l’hiver 2014, une cabane nommée l’Amassada se dresse sur les terres convoitées. Les rencontres, les liens, les résistances s’étendent et s’intensifient. Nous sommes au futur, voici les éléments qui se défendent aujourd’hui.&#8221;</em></p>

<p>&#8220;À l’ère de la transition énergétique pour la soi-disant croissance verte, RTE tente de s’approprier les terres de deux jeunes</p>

<!-- This site is optimized with the Yoast SEO plugin v15.9.2 - https://yoast.com/wordpress/plugins/seo/ -->
<title>Pas res nos arresta - Alto.watch</title>
<link rel="canonical" href="https://alto.watch/index.php/movie/pas-res-nos-arresta/" />
<meta property="og:locale" content="fr_FR" />
<meta property="og:type" content="article" />
<meta property="og:title" content="Pas res nos arresta - Alto.watch" />
<meta property="og:description" content="&#8220;À l’ère de la transition énergétique pour la soi-disant croissance verte, RTE tente de s’approprier les terres de deux jeunes" />
<meta property="og:url" content="https://alto.watch/index.php/movie/pas-res-nos-arresta/" />
<meta property="og:site_name" content="Alto.watch" />
<meta property="article:modified_time" content="2021-03-14T17:26:44+00:00" />
<meta property="og:image" content="https://alto.watch/wp-content/uploads/2020/11/index.jpg" />
	<meta property="og:image:width" content="189" />
	<meta property="og:image:height" content="266" />
<meta name="twitter:card" content="summary_large_image" />
<meta name="twitter:label1" content="Durée de lecture est.">
	<meta name="twitter:data1" content="1 minute">
<script type="application/ld+json" class="yoast-schema-graph">{"@context":"https://schema.org","@graph":[{"@type":"WebSite","@id":"https://alto.watch/#website","url":"https://alto.watch/","name":"Alto.watch","description":"Plateforme vid\u00e9o d&#039;\u00e9ducation populaire, autonome et r\u00e9volutionnaire.","potentialAction":[{"@type":"SearchAction","target":"https://alto.watch/?s={search_term_string}","query-input":"required name=search_term_string"}],"inLanguage":"fr-FR"},{"@type":"ImageObject","@id":"https://alto.watch/index.php/movie/pas-res-nos-arresta/#primaryimage","inLanguage":"fr-FR","url":"https://alto.watch/wp-content/uploads/2020/11/index.jpg","width":189,"height":266},{"@type":"WebPage","@id":"https://alto.watch/index.php/movie/pas-res-nos-arresta/#webpage","url":"https://alto.watch/index.php/movie/pas-res-nos-arresta/","name":"Pas res nos arresta - Alto.watch","isPartOf":{"@id":"https://alto.watch/#website"},"primaryImageOfPage":{"@id":"https://alto.watch/index.php/movie/pas-res-nos-arresta/#primaryimage"},"datePublished":"2020-11-11T18:42:21+00:00","dateModified":"2021-03-14T17:26:44+00:00","breadcrumb":{"@id":"https://alto.watch/index.php/movie/pas-res-nos-arresta/#breadcrumb"},"inLanguage":"fr-FR","potentialAction":[{"@type":"ReadAction","target":["https://alto.watch/index.php/movie/pas-res-nos-arresta/"]}]},{"@type":"BreadcrumbList","@id":"https://alto.watch/index.php/movie/pas-res-nos-arresta/#breadcrumb","itemListElement":[{"@type":"ListItem","position":1,"item":{"@type":"WebPage","@id":"https://alto.watch/","url":"https://alto.watch/","name":"Accueil"}},{"@type":"ListItem","position":2,"item":{"@type":"WebPage","@id":"https://alto.watch/index.php/catalogue/","url":"https://alto.watch/index.php/catalogue/","name":"Movies"}},{"@type":"ListItem","position":3,"item":{"@type":"WebPage","@id":"https://alto.watch/index.php/movie/pas-res-nos-arresta/","url":"https://alto.watch/index.php/movie/pas-res-nos-arresta/","name":"Pas res nos arresta"}}]}]}</script>
<!-- / Yoast SEO plugin. -->
