{"version":"1.0","provider_name":"Alto.watch","provider_url":"https:\/\/alto.watch","author_name":"admin8410","author_url":"https:\/\/alto.watch\/index.php\/author\/admin8410\/","title":"Sur les toits - Alto.watch","type":"rich","width":600,"height":338,"html":"<blockquote class=\"wp-embedded-content\" data-secret=\"SImM76Skrb\"><a href=\"https:\/\/alto.watch\/index.php\/movie\/sur-les-toits\/\">Sur les toits<\/a><\/blockquote><iframe sandbox=\"allow-scripts\" security=\"restricted\" src=\"https:\/\/alto.watch\/index.php\/movie\/sur-les-toits\/embed\/#?secret=SImM76Skrb\" width=\"600\" height=\"338\" title=\"\u00ab\u00a0Sur les toits\u00a0\u00bb &#8212; Alto.watch\" data-secret=\"SImM76Skrb\" frameborder=\"0\" marginwidth=\"0\" marginheight=\"0\" scrolling=\"no\" class=\"wp-embedded-content\"><\/iframe><script type=\"text\/javascript\">\n\/* <![CDATA[ *\/\n\/*! This file is auto-generated *\/\n!function(d,l){\"use strict\";l.querySelector&&d.addEventListener&&\"undefined\"!=typeof URL&&(d.wp=d.wp||{},d.wp.receiveEmbedMessage||(d.wp.receiveEmbedMessage=function(e){var t=e.data;if((t||t.secret||t.message||t.value)&&!\/[^a-zA-Z0-9]\/.test(t.secret)){for(var s,r,n,a=l.querySelectorAll('iframe[data-secret=\"'+t.secret+'\"]'),o=l.querySelectorAll('blockquote[data-secret=\"'+t.secret+'\"]'),c=new RegExp(\"^https?:$\",\"i\"),i=0;i<o.length;i++)o[i].style.display=\"none\";for(i=0;i<a.length;i++)s=a[i],e.source===s.contentWindow&&(s.removeAttribute(\"style\"),\"height\"===t.message?(1e3<(r=parseInt(t.value,10))?r=1e3:~~r<200&&(r=200),s.height=r):\"link\"===t.message&&(r=new URL(s.getAttribute(\"src\")),n=new URL(t.value),c.test(n.protocol))&&n.host===r.host&&l.activeElement===s&&(d.top.location.href=t.value))}},d.addEventListener(\"message\",d.wp.receiveEmbedMessage,!1),l.addEventListener(\"DOMContentLoaded\",function(){for(var e,t,s=l.querySelectorAll(\"iframe.wp-embedded-content\"),r=0;r<s.length;r++)(t=(e=s[r]).getAttribute(\"data-secret\"))||(t=Math.random().toString(36).substring(2,12),e.src+=\"#?secret=\"+t,e.setAttribute(\"data-secret\",t)),e.contentWindow.postMessage({message:\"ready\",secret:t},\"*\")},!1)))}(window,document);\n\/* ]]> *\/\n<\/script>\n","thumbnail_url":"https:\/\/alto.watch\/wp-content\/uploads\/2020\/11\/178916-1.jpg","thumbnail_width":1120,"thumbnail_height":1600,"description":"Un film de Nicolas DrolcQue s'est-il pass\u00e9 dans les prisons fran\u00e7aises entre septembre 1971 et la fin de l'ann\u00e9e 1972 ? Pour la premi\u00e8re fois les prisonniers d\u00e9clenchent des r\u00e9voltes collectives, prennent le contr\u00f4le de leurs prisons, occupent les toits et communiquent leurs revendications en s'adressant \u00e0 la foule. 40 ans plus tard ce film d\u00e9poussi\u00e8re cette page m\u00e9connue de l'histoire des luttes sociales. Avec le t\u00e9moignage de ceux qui ont v\u00e9cu, d\u00e9clench\u00e9, r\u00e9prim\u00e9 et d\u00e9fendu ces r\u00e9voltes : Les mutins de la prison de Nancy, un ancien maton de la prison de Toul, le t\u00e9nor du barreau\u00a0 Ma\u00eetre Henri Leclerc, le sociologue et co-fondateur du Groupe Information Prison Daniel Defert, et l'ancien d\u00e9tenu, \u00e9crivain et militant anarchiste Serge Livrozet."}

Un film de Nicolas DrolcQue s'est-il passé dans les prisons françaises entre septembre 1971 et la fin de l'année 1972 ? Pour la première fois les prisonniers déclenchent des révoltes collectives, prennent le contrôle de leurs prisons, occupent les toits et communiquent leurs revendications en s'adressant à la foule. 40 ans plus tard ce film dépoussière cette page méconnue de l'histoire des luttes sociales. Avec le témoignage de ceux qui ont vécu, déclenché, réprimé et défendu ces révoltes : Les mutins de la prison de Nancy, un ancien maton de la prison de Toul, le ténor du barreau  Maître Henri Leclerc, le sociologue et co-fondateur du Groupe Information Prison Daniel Defert, et l'ancien détenu, écrivain et militant anarchiste Serge Livrozet.
