{"version":"1.0","provider_name":"Alto.watch","provider_url":"https:\/\/alto.watch","author_name":"admin8410","author_url":"https:\/\/alto.watch\/index.php\/author\/admin8410\/","title":"Sur le capitalisme patriarcal : entretien avec Silvia Federici - Alto.watch","type":"rich","width":600,"height":338,"html":"<blockquote class=\"wp-embedded-content\" data-secret=\"iGHdakIjfP\"><a href=\"https:\/\/alto.watch\/index.php\/movie\/sur-le-capitalisme-patriarcal-entretien-avec-silvia-federici\/\">Sur le capitalisme patriarcal : entretien avec Silvia Federici<\/a><\/blockquote><iframe sandbox=\"allow-scripts\" security=\"restricted\" src=\"https:\/\/alto.watch\/index.php\/movie\/sur-le-capitalisme-patriarcal-entretien-avec-silvia-federici\/embed\/#?secret=iGHdakIjfP\" width=\"600\" height=\"338\" title=\"\u00ab\u00a0Sur le capitalisme patriarcal : entretien avec Silvia Federici\u00a0\u00bb &#8212; Alto.watch\" data-secret=\"iGHdakIjfP\" frameborder=\"0\" marginwidth=\"0\" marginheight=\"0\" scrolling=\"no\" class=\"wp-embedded-content\"><\/iframe><script type=\"text\/javascript\">\n\/* <![CDATA[ *\/\n\/*! This file is auto-generated *\/\n!function(d,l){\"use strict\";l.querySelector&&d.addEventListener&&\"undefined\"!=typeof URL&&(d.wp=d.wp||{},d.wp.receiveEmbedMessage||(d.wp.receiveEmbedMessage=function(e){var t=e.data;if((t||t.secret||t.message||t.value)&&!\/[^a-zA-Z0-9]\/.test(t.secret)){for(var s,r,n,a=l.querySelectorAll('iframe[data-secret=\"'+t.secret+'\"]'),o=l.querySelectorAll('blockquote[data-secret=\"'+t.secret+'\"]'),c=new RegExp(\"^https?:$\",\"i\"),i=0;i<o.length;i++)o[i].style.display=\"none\";for(i=0;i<a.length;i++)s=a[i],e.source===s.contentWindow&&(s.removeAttribute(\"style\"),\"height\"===t.message?(1e3<(r=parseInt(t.value,10))?r=1e3:~~r<200&&(r=200),s.height=r):\"link\"===t.message&&(r=new URL(s.getAttribute(\"src\")),n=new URL(t.value),c.test(n.protocol))&&n.host===r.host&&l.activeElement===s&&(d.top.location.href=t.value))}},d.addEventListener(\"message\",d.wp.receiveEmbedMessage,!1),l.addEventListener(\"DOMContentLoaded\",function(){for(var e,t,s=l.querySelectorAll(\"iframe.wp-embedded-content\"),r=0;r<s.length;r++)(t=(e=s[r]).getAttribute(\"data-secret\"))||(t=Math.random().toString(36).substring(2,12),e.src+=\"#?secret=\"+t,e.setAttribute(\"data-secret\",t)),e.contentWindow.postMessage({message:\"ready\",secret:t},\"*\")},!1)))}(window,document);\n\/* ]]> *\/\n<\/script>\n","thumbnail_url":"https:\/\/alto.watch\/wp-content\/uploads\/2020\/11\/maxresdefault.jpg","thumbnail_width":1280,"thumbnail_height":720,"description":"Quelle importance de la gr\u00e8ve f\u00e9ministe aujourd'hui ? Quels sont les apports de l'op\u00e9ra\u00efsme au f\u00e9minisme de la reproduction sociale ? Comment d\u00e9naturaliser le travail m\u00e9nager ? La r\u00e9volution communiste est-elle d'actualit\u00e9 ? Dans le sillage de notre s\u00e9rie d'entretiens avec des figures du f\u00e9minisme contemporain pour ACTA, apr\u00e8s une premi\u00e8re vid\u00e9o en compagnie de Fran\u00e7oise Verg\u00e8s sur le f\u00e9minisme d\u00e9colonial, nous avons rencontr\u00e9 Silvia Federici suite \u00e0 la parution aux \u00e9ditions la Fabrique de son dernier ouvrage : Le Capitalisme Patriarcal. Nous en publions ici la version int\u00e9grale. Silvia Federici (n\u00e9e en 1942 \u00e0 Parme en Italie) est une universitaire, enseignante et militante f\u00e9ministe radicale. Elle est professeure \u00e9m\u00e9rite et chercheuse \u00e0 l'Universit\u00e9 Hofstra \u00e0 New York. Elle a notamment \u00e9crit Caliban et la sorci\u00e8re (\u00e9ditions entremonde - 2017) et le Capitalisme patriarcal (La fabrique \u00e9ditions - 2019)"}

Quelle importance de la grève féministe aujourd'hui ? Quels sont les apports de l'opéraïsme au féminisme de la reproduction sociale ? Comment dénaturaliser le travail ménager ? La révolution communiste est-elle d'actualité ? Dans le sillage de notre série d'entretiens avec des figures du féminisme contemporain pour ACTA, après une première vidéo en compagnie de Françoise Vergès sur le féminisme décolonial, nous avons rencontré Silvia Federici suite à la parution aux éditions la Fabrique de son dernier ouvrage : Le Capitalisme Patriarcal. Nous en publions ici la version intégrale. Silvia Federici (née en 1942 à Parme en Italie) est une universitaire, enseignante et militante féministe radicale. Elle est professeure émérite et chercheuse à l'Université Hofstra à New York. Elle a notamment écrit Caliban et la sorcière (éditions entremonde - 2017) et le Capitalisme patriarcal (La fabrique éditions - 2019)
